{"id":585,"date":"2025-12-04T07:28:28","date_gmt":"2025-12-04T07:28:28","guid":{"rendered":"https:\/\/2013dagyonetisimi.com\/?page_id=585"},"modified":"2025-12-04T07:28:28","modified_gmt":"2025-12-04T07:28:28","slug":"11-aralik-dunya-daglar-gunu-2025","status":"publish","type":"page","link":"https:\/\/2013dagyonetisimi.com\/index.php\/11-aralik-dunya-daglar-gunu-2025\/","title":{"rendered":"11 ARALIK D\u00dcNYA DA\u011eLAR G\u00dcN\u00dc 2025"},"content":{"rendered":"\n<p><strong>2025 y\u0131l\u0131 TEMASI<\/strong><\/p>\n\n\n\n<p><\/p>\n\n\n\n<p><\/p>\n\n\n\n<p><\/p>\n\n\n\n<p><\/p>\n\n\n\n<p><strong>&#8220;2025 Y\u0131l\u0131 Temas\u0131&#8221;<\/strong><\/p>\n\n\n\n<p>Buzullar, da\u011flarda ve \u00f6tesinde \u2018buzul topraklar\u2019 su, g\u0131da ve ge\u00e7im kaynaklar\u0131 i\u00e7in \u00f6nemlidir&#8221; konusu 2025 y\u0131l\u0131 Uluslararas\u0131 Da\u011flar G\u00fcn\u00fc temas\u0131d\u0131r. Tar\u0131m, su g\u00fcvenli\u011fi ve savunmas\u0131z da\u011f topluluklar\u0131n\u0131n ge\u00e7im kaynaklar\u0131 i\u00e7in buzullar\u0131n korunmas\u0131n\u0131n \u00f6nemini vurgulamak i\u00e7in 11 Aral\u0131k Uluslararas\u0131 Da\u011flar G\u00fcn\u00fcnde etkinler yap\u0131lmas\u0131, iyi bir f\u0131rsatt\u0131r. D\u00fcnyada,\u00a0 \u00fclkenin do\u011fal g\u00fczelliklerinin ve toplum kalk\u0131nmas\u0131n\u0131n da\u011flar etraf\u0131nda \u015fekillendi\u011finin fark\u0131na varmak i\u00e7in Da\u011flar G\u00fcn\u00fc kutlanmaktad\u0131r.<\/p>\n\n\n\n<figure class=\"wp-block-gallery has-nested-images columns-default is-cropped wp-block-gallery-1 is-layout-flex wp-block-gallery-is-layout-flex\">\n<figure class=\"wp-block-image size-large\"><img loading=\"lazy\" decoding=\"async\" width=\"989\" height=\"1024\" data-id=\"586\" src=\"https:\/\/2013dagyonetisimi.com\/wp-content\/uploads\/2025\/12\/WhatsApp-Image-2025-12-04-at-10.26.02-989x1024.jpeg\" alt=\"\" class=\"wp-image-586\" srcset=\"https:\/\/2013dagyonetisimi.com\/wp-content\/uploads\/2025\/12\/WhatsApp-Image-2025-12-04-at-10.26.02-989x1024.jpeg 989w, https:\/\/2013dagyonetisimi.com\/wp-content\/uploads\/2025\/12\/WhatsApp-Image-2025-12-04-at-10.26.02-290x300.jpeg 290w, https:\/\/2013dagyonetisimi.com\/wp-content\/uploads\/2025\/12\/WhatsApp-Image-2025-12-04-at-10.26.02-768x795.jpeg 768w, https:\/\/2013dagyonetisimi.com\/wp-content\/uploads\/2025\/12\/WhatsApp-Image-2025-12-04-at-10.26.02-1484x1536.jpeg 1484w, https:\/\/2013dagyonetisimi.com\/wp-content\/uploads\/2025\/12\/WhatsApp-Image-2025-12-04-at-10.26.02.jpeg 1546w\" sizes=\"auto, (max-width: 989px) 100vw, 989px\" \/><\/figure>\n<\/figure>\n","protected":false},"excerpt":{"rendered":"<p>2025 y\u0131l\u0131 TEMASI &#8220;2025 Y\u0131l\u0131 Temas\u0131&#8221; Buzullar, da\u011flarda ve \u00f6tesinde \u2018buzul topraklar\u2019 su, g\u0131da ve ge\u00e7im kaynaklar\u0131 i\u00e7in \u00f6nemlidir&#8221; konusu 2025 y\u0131l\u0131 Uluslararas\u0131 Da\u011flar G\u00fcn\u00fc temas\u0131d\u0131r. Tar\u0131m, su g\u00fcvenli\u011fi ve savunmas\u0131z da\u011f topluluklar\u0131n\u0131n ge\u00e7im kaynaklar\u0131 i\u00e7in buzullar\u0131n korunmas\u0131n\u0131n \u00f6nemini vurgulamak i\u00e7in 11 Aral\u0131k Uluslararas\u0131 Da\u011flar G\u00fcn\u00fcnde etkinler yap\u0131lmas\u0131, iyi bir f\u0131rsatt\u0131r. D\u00fcnyada,\u00a0 \u00fclkenin do\u011fal g\u00fczelliklerinin [&hellip;]<\/p>\n","protected":false},"author":2,"featured_media":0,"parent":0,"menu_order":0,"comment_status":"closed","ping_status":"closed","template":"","meta":{"footnotes":""},"class_list":["post-585","page","type-page","status-publish","hentry"],"_links":{"self":[{"href":"https:\/\/2013dagyonetisimi.com\/index.php\/wp-json\/wp\/v2\/pages\/585","targetHints":{"allow":["GET"]}}],"collection":[{"href":"https:\/\/2013dagyonetisimi.com\/index.php\/wp-json\/wp\/v2\/pages"}],"about":[{"href":"https:\/\/2013dagyonetisimi.com\/index.php\/wp-json\/wp\/v2\/types\/page"}],"author":[{"embeddable":true,"href":"https:\/\/2013dagyonetisimi.com\/index.php\/wp-json\/wp\/v2\/users\/2"}],"replies":[{"embeddable":true,"href":"https:\/\/2013dagyonetisimi.com\/index.php\/wp-json\/wp\/v2\/comments?post=585"}],"version-history":[{"count":1,"href":"https:\/\/2013dagyonetisimi.com\/index.php\/wp-json\/wp\/v2\/pages\/585\/revisions"}],"predecessor-version":[{"id":587,"href":"https:\/\/2013dagyonetisimi.com\/index.php\/wp-json\/wp\/v2\/pages\/585\/revisions\/587"}],"wp:attachment":[{"href":"https:\/\/2013dagyonetisimi.com\/index.php\/wp-json\/wp\/v2\/media?parent=585"}],"curies":[{"name":"wp","href":"https:\/\/api.w.org\/{rel}","templated":true}]}}